{"id":1003,"date":"2011-12-19T03:24:35","date_gmt":"2011-12-19T02:24:35","guid":{"rendered":"http:\/\/www.roiba.es\/blog\/?page_id=1003"},"modified":"2011-12-19T19:02:46","modified_gmt":"2011-12-19T18:02:46","slug":"%c2%bfquien-puede-acudir","status":"publish","type":"page","link":"http:\/\/www.roiba.es\/blog\/?page_id=1003","title":{"rendered":"\u00bfQui\u00e9n puede acudir?"},"content":{"rendered":"<p>Las actividades que organiza Roiba (culturales, deportivas, de formaci\u00f3n cristiana, etc.) est\u00e1n destinadas a chicos de edades comprendidas entre los 6 y los 23 a\u00f1os y a sus familias; en ellas pueden participar, adem\u00e1s de los socios, todos aquellos que lo deseen.<\/p>\n","protected":false},"excerpt":{"rendered":"<p>Las actividades que organiza Roiba (culturales, deportivas, de formaci\u00f3n cristiana, etc.) est\u00e1n destinadas a chicos de edades comprendidas entre los 6 y los 23 a\u00f1os y a sus familias; en [&hellip;]<\/p>\n","protected":false},"author":5,"featured_media":0,"parent":870,"menu_order":0,"comment_status":"open","ping_status":"open","template":"","meta":[],"_links":{"self":[{"href":"http:\/\/www.roiba.es\/blog\/index.php?rest_route=\/wp\/v2\/pages\/1003"}],"collection":[{"href":"http:\/\/www.roiba.es\/blog\/index.php?rest_route=\/wp\/v2\/pages"}],"about":[{"href":"http:\/\/www.roiba.es\/blog\/index.php?rest_route=\/wp\/v2\/types\/page"}],"author":[{"embeddable":true,"href":"http:\/\/www.roiba.es\/blog\/index.php?rest_route=\/wp\/v2\/users\/5"}],"replies":[{"embeddable":true,"href":"http:\/\/www.roiba.es\/blog\/index.php?rest_route=%2Fwp%2Fv2%2Fcomments&post=1003"}],"version-history":[{"count":3,"href":"http:\/\/www.roiba.es\/blog\/index.php?rest_route=\/wp\/v2\/pages\/1003\/revisions"}],"predecessor-version":[{"id":1279,"href":"http:\/\/www.roiba.es\/blog\/index.php?rest_route=\/wp\/v2\/pages\/1003\/revisions\/1279"}],"up":[{"embeddable":true,"href":"http:\/\/www.roiba.es\/blog\/index.php?rest_route=\/wp\/v2\/pages\/870"}],"wp:attachment":[{"href":"http:\/\/www.roiba.es\/blog\/index.php?rest_route=%2Fwp%2Fv2%2Fmedia&parent=1003"}],"curies":[{"name":"wp","href":"https:\/\/api.w.org\/{rel}","templated":true}]}}